. Let x(l) = -6*l + 4. Let g(i) = 14*j(i) + 2*x(i). Let k be g(-3). Is -17*(-28)/8*k prime?
False
Suppose 8*i + 41*i - 30303485 = 2*i. Is i a prime number?
False
Let b = 432 + -428. Suppose -5*s + 19*k - 23*k = -55977, -s - b*k = -11189. Is s a prime number?
True
Let t(a) = 8*a**3 + 7*a**2 + 5*a - 14. Let j be t(6). Suppose 0 = -116*c + 120*c - j. Is c prime?
True
Let j(a) = 59*a**3 - 3*a**2 + 73*a - 508. Is j(13) a composite number?
True
Suppose 3*q + 1 = f - 16, 9 = -3*f - 3*q. Suppose -3*a + f*a = 3*x - 4486, -3*a = -3*x - 13446. Is a prime?
True
Suppose -2*s - 28 = 5*q, -2*q - 5*s = 35 - 7. Let o(l) = -253*l - 57. Is o(q) a prime number?
False
Suppose -3*n + 906 = -2*n + 5*z, 3*n - 2*z - 2769 = 0. Let u be 4*(-3)/(-12)*n. Suppose 7*d = 1858 + u. Is d prime?
True
Is 20/(-25) + (-1702569)/(-5) a composite number?
True
Suppose -245*x + 282*x - 7190173 = 0. Is x prime?
False
Suppose 4*n - 14978 = 3*j, 0 = -14*n + 19*n + 16*j - 18683. Let m = 4318 - 6472. Let w = n + m. Is w a prime number?
False
Let a = 37 - 11. Suppose -a*u + 23418 = -5208. Is u composite?
True
Let s be (11 - 1)*1 + -6. Suppose -s*h + 44072 = 4*h. Is h a prime number?
False
Let v be -1*(-3)/(-3) - (0 + -3). Let x be (14/7)/(v/11). Suppose x*s + 66 = 13*s. Is s a composite number?
True
Suppose -282*x + 280*x - 201246 = -782432. Is x a prime number?
True
Let s(p) = -525*p - 31. Let t = 256 - 266. Is s(t) prime?
False
Suppose -5*c - 389505 = -5*k, 5*k + 3*c = c + 389547. Is k composite?
True
Let p(t) = 88*t**2 + 267*t + 87. Is p(26) a prime number?
False
Let j be 5/((-180)/27)*(-343 + -1). Suppose -931 = -k - j. Is k composite?
False
Let l(q) = -q**3 - 9*q**2 - 17*q. Let v be l(-4). Is (-1574)/((-2)/v*-4) a prime number?
False
Let i(y) = -y**3 - 2*y**2 - 194*y - 112. Is i(-33) prime?
False
Suppose 4*d - 71 = 3*c - 255, -4*c + 2*d = -252. Suppose -8454 = -70*r + c*r. Is r a composite number?
False
Let d(m) = -283*m - 137. Suppose -2*a = -10*w + 5*w + 54, 5*w - 76 = 3*a. Is d(a) composite?
False
Let c(i) = 635*i**2 - 2*i + 1. Let b(o) = -1. Let g(v) = -b(v) + c(v). Let d be 1*3*(-3)/(-9). Is g(d) a prime number?
False
Suppose 0 = -1488*j + 1481*j + 641281 + 929176. Is j a prime number?
True
Let n(v) be the first derivative of -v**3/3 - 13*v**2/2 - 16*v - 10. Let c be n(-12). Let y(u) = -390*u - 17. Is y(c) prime?
True
Is (-33 + (28 - -2))*(3 + (-167262)/9) a prime number?
False
Let a = 14 + -4. Let y be (-11 - -21)*1/2 - -4. Suppose -205 = y*p - a*p. Is p a composite number?
True
Let j be 1 + 34 + (2 - 2). Let c be (-4)/14 - (-1795)/j. Let f = 23 + c. Is f a composite number?
True
Suppose -11*s + 4*h = -7*s - 7404, -3*s + 5537 = h. Suppose 5*z + s - 12083 = -4*u, 3*u = 5*z + 7677. Is u a composite number?
True
Let r(i) = 28041*i + 619. Is r(2) prime?
True
Let g(p) = 253*p + 49. Let a be g(8). Suppose -k = -649 - a. Is (k/(-6))/((-2)/60*2) prime?
False
Suppose -2*u = u - 10065. Let c(m) = -m**3 - 10*m**2 + 10*m - 38. Let i be c(-19). Suppose -i = -4*z + u. Is z a prime number?
False
Let m = -243 - -423. Let s be (2/5)/(2*(-3)/m). Is (-2)/s + (-112407)/(-18) a prime number?
False
Suppose 4*y - 8*y - 2621142 = a, -10484653 = 4*a - y. Is a/(-578) + (-2)/(-17) a prime number?
False
Let l(f) = f - 47. Let s be l(5). Let o = s - -46. Suppose 0 = u + 5*y - 699, 4*u + o*y - 3*y - 2872 = 0. Is u prime?
True
Is (2 - 0)*(273576/16 + 1) a prime number?
False
Let q(i) = -2*i**3 - 16*i**2 - 12*i - 29. Let g = -433 - -417. Is q(g) composite?
False
Let x be -3796*((-2)/(-12))/((-14)/(-42)). Let z = -1054 - x. Let n = z + 233. Is n a composite number?
True
Let a(k) = 3926*k - 144. Let q be a(-6). Let v = -12217 - q. Is v a prime number?
True
Is (-5)/(-2) - (1672171/(-38) + -10) prime?
True
Let q(a) = -a**2 - 3*a + 13134. Let w be q(0). Suppose 0 = -d - 5*d + w. Suppose 0 = 5*i - d - 1266. Is i composite?
False
Suppose 0 = 68*s + 21*s - 2425056 - 4427677. Is s composite?
True
Let h(g) = -251*g - 33. Let n(z) = -125*z - 17. Let b(s) = 6*h(s) - 13*n(s). Let l be (68/(-85))/((-4)/30). Is b(l) a prime number?
False
Let g = -338326 + 482504. Is g composite?
True
Is 17382/32*5792/362 prime?
False
Let h(c) = c**3 + 19*c**2 - 20*c + 5. Let y be h(-20). Suppose -3*b = -4*b, 3*o + y*b = -2736. Is -1*(-1 + o + (-8)/(-4)) composite?
False
Suppose 33*b - 119 = 16*b. Suppose 0 = 3*u + 3*r - 8982, -4*u = b*r - 2*r - 11975. Is u a composite number?
True
Let v(r) = r**2 + 8*r + 9. Let g be v(-2). Is 0 - ((-203476)/49 - g/(-7)) composite?
False
Let m = 278 - 273. Is (m - (5 - 4831))/1 composite?
False
Let y(r) be the third derivative of -r**5/60 - 7*r**4/24 + r**3 - 16*r**2. Let s be y(-8). Let i(w) = 36*w**2 - 5*w - 8. Is i(s) composite?
True
Let f(w) = w**3 - 2*w**2 - 6*w - 14. Let z be (-12*5/(-45))/((-2)/(-3)). Suppose -3*o + 3 = 0, z*q + o - 17 = -4*o. Is f(q) a composite number?
True
Let y = -244 - -180. Let s = y - -8925. Is s composite?
False
Suppose -y + 105 = -162. Suppose 0 = y*f - 274*f + 190253. Is f prime?
True
Let n be 85*11 - (-13 + 12). Let t be (16 - 20) + n + 0. Let x = t - 489. Is x composite?
False
Is 294512 + 1/((-4)/6)*2 prime?
True
Let m(o) = o**2 + o - 10. Let s be m(3). Let j(z) = 3*z + 33. Let i be j(-10). Suppose -2*p - s*a = -i*a - 1121, 0 = 5*p + 3*a - 2819. Is p prime?
False
Is 265442/6 + (-384)/(-144) composite?
True
Let j = -278 - -283. Suppose 9*m = j*m + 5*p + 30481, -22859 = -3*m + 2*p. Is m a composite number?
True
Let w(i) = 702*i**3 + i**2 - 3*i + 1. Suppose -4*h + 8 = -2*h. Let j be -2 + (1 - (8/h - 4)). Is w(j) composite?
False
Let s(z) = 3404*z + 16. Let t be s(2). Suppose 0 = -2*q - 6*q + t. Is q a composite number?
False
Suppose 5*z = -5*d + 7420, -d - 2*z = -700 - 780. Let j = d + 73. Is j a composite number?
True
Suppose f = 38*c - 36*c - 11, -39 = 4*f - 3*c. Is ((-6)/f)/(2/43467) a composite number?
False
Let g(q) be the first derivative of 31*q**4/2 - q**3/3 - q**2/2 - q - 19. Let v be g(-1). Is (-6311)/(-9) - (-14)/v a prime number?
True
Is (2631428/(-258))/(2/(-21)) a composite number?
True
Let x be (-32)/(-4) - -485 - -7. Let p = x - 13. Is p a prime number?
True
Suppose -2 = 7*k - 37. Suppose 2*p + 24241 = 4*a + 3933, -3*a + 15231 = k*p. Is a composite?
False
Let n = 128 + -87. Let q = n - 37. Is 1838*1/q*2 a prime number?
True
Suppose 0 = -4*u + 4*h - 195579 + 790959, 4 = h. Is u composite?
True
Let q(p) = 1988*p**2 - 10*p - 7. Is q(6) a composite number?
True
Suppose 1 + 1 = -l. Let y(c) = -381*c**2 - 18*c - 14. Let m(z) = 190*z**2 + 8*z + 7. Let i(b) = 5*m(b) + 2*y(b). Is i(l) a prime number?
True
Let x(i) = i**3 + 17*i**2 - 38*i - 14. Let m be x(-19). Is (-10 - m) + 2277 + 0 a composite number?
False
Suppose -2*u = 2*t - 8, -5*u + 1 = 11. Suppose -t*f = -3*f. Suppose f = 12*c - 8*c - 484. Is c prime?
False
Suppose a - 1532 = 3*m + 2*m, -5*a - m = -7712. Suppose r - 6*r - d - 2562 = 0, 3*r = d - a. Let j = 926 + r. Is j prime?
False
Let d be ((-10)/40)/(1/(-16)). Suppose 5*r + 2477 = -m - 0*m, -d*m - 4*r - 9940 = 0. Let x = m - -3574. Is x prime?
True
Let u = 261982 - -7479. Is u a prime number?
True
Let m = -4 - -8. Suppose -p + 16 = -m*x, -2*x - p + 4*p - 8 = 0. Is (-647)/(x - (-6)/2) a composite number?
False
Suppose 4*o - 454 = -426. Let z = -21 - -23. Suppose z*d = -o*d + 693. Is d a prime number?
False
Let l be -7*(-8)/12*(-3)/(-7). Suppose 0 = l*m - t - 13, -4*t - 12 = -m - 2. Is (-2)/m - 3050/45*-3 composite?
True
Let u = -9164 - -13635. Is u composite?
True
Let d be (44/(-6) + 2)*(-3)/2. Let q be -3 - 22/d*4/(-1). Suppose -q*w + 9*w - 53 = 0. Is w a composite number?
False
Is (-5922540)/(-364) + (-6)/(-21) composite?
True
Let b(z) = z. Let v be b(19). Suppose v*x = 23*x - 6068. Is x a prime number?
False
Suppose 18*u - 5943829 = 17*u - 16*u. Is u composite?
False
Let k(a) be the third derivative of 0 + 0*a - 15*a**2 - 19/6*a**3 + 73/3*a**4. Is k(3) composite?
False
Let l = 302 + 3687. Is l a prime number?
True
Let i(k) = -k**3 + 6*k**2 + k + 7. Let v be i(6). Let n = v + -15. Is 286 + (n - -4)*3/2 composite?
True
Let t(z) be the first derivative of 107*z**2/2 + 21*z + 7. Suppose 195 = -2*q + 211. Is t(q) a composite number?
False
Suppose 10*v + 6641 = -509. Suppose -6*h + 2027 = 515. Let y = h - v. Is y prime?
True
Let s be (-14)/147*-25743 + 2/7. S